{"id":22,"date":"2016-10-24T18:43:00","date_gmt":"2016-10-24T15:43:00","guid":{"rendered":"http:\/\/amj.fi\/?page_id=22"},"modified":"2023-01-16T11:06:45","modified_gmt":"2023-01-16T09:06:45","slug":"yhteystiedot","status":"publish","type":"page","link":"https:\/\/www.amj.fi\/index.php\/yhteystiedot\/","title":{"rendered":"Yhteystiedot"},"content":{"rendered":"<p style=\"text-align: center;\"><strong>S\u00e4hk\u00f6palvelu AMJ Oy<\/strong><br \/>\nJuhannuspolku 1D<br \/>\n02200 Espoo<br \/>\n<strong>Puh<\/strong>: +358 40 706 9848<br \/>\ninfo(at)amj.fi<\/p>\n<p style=\"text-align: center;\"><strong>Yhteyshenkil\u00f6<\/strong><br \/>\nRisto Pyysalo<br \/>\n<strong>Puh:<\/strong> +358 40 706 9848<br \/>\nristo.pyysalo(at)amj.fi<\/p>\n","protected":false},"excerpt":{"rendered":"<p>S\u00e4hk\u00f6palvelu AMJ Oy Juhannuspolku 1D 02200 Espoo Puh: +358 40 706 9848 info(at)amj.fi Yhteyshenkil\u00f6 Risto Pyysalo Puh: +358 40 706 9848 risto.pyysalo(at)amj.fi<\/p>\n","protected":false},"author":2,"featured_media":0,"parent":0,"menu_order":0,"comment_status":"closed","ping_status":"closed","template":"","meta":{"footnotes":""},"class_list":["post-22","page","type-page","status-publish","hentry"],"_links":{"self":[{"href":"https:\/\/www.amj.fi\/index.php\/wp-json\/wp\/v2\/pages\/22","targetHints":{"allow":["GET"]}}],"collection":[{"href":"https:\/\/www.amj.fi\/index.php\/wp-json\/wp\/v2\/pages"}],"about":[{"href":"https:\/\/www.amj.fi\/index.php\/wp-json\/wp\/v2\/types\/page"}],"author":[{"embeddable":true,"href":"https:\/\/www.amj.fi\/index.php\/wp-json\/wp\/v2\/users\/2"}],"replies":[{"embeddable":true,"href":"https:\/\/www.amj.fi\/index.php\/wp-json\/wp\/v2\/comments?post=22"}],"version-history":[{"count":7,"href":"https:\/\/www.amj.fi\/index.php\/wp-json\/wp\/v2\/pages\/22\/revisions"}],"predecessor-version":[{"id":171,"href":"https:\/\/www.amj.fi\/index.php\/wp-json\/wp\/v2\/pages\/22\/revisions\/171"}],"wp:attachment":[{"href":"https:\/\/www.amj.fi\/index.php\/wp-json\/wp\/v2\/media?parent=22"}],"curies":[{"name":"wp","href":"https:\/\/api.w.org\/{rel}","templated":true}]}}